z(f).
8
Let r(o) = 4*o - 24. Let m be (3 + 15)*(-1)/(-6). Determine r(m).
-12
Let z(s) be the third derivative of s**5/60 + 5*s**4/24 - 5*s**3/3 - 15*s**2 + 25*s. What is z(-4)?
-14
Let l(y) = -6*y**2 + 5*y + 4. Let r(j) = -j**2 - j - 1. Let i(z) = z - 14. Let w be i(15). Let u(g) = w*l(g) - 5*r(g). Let p = -21 + 32. Determine u(p).
-2
Let w(m) be the first derivative of -m**4/4 - 2*m**3/3 + 3*m**2/2 + 2*m - 20595. Let q be 6*1*(-2)/3. Calculate w(q).
22
Let w = 1 - 0. Let c(y) be the third derivative of -7*y**2 + 1/6*y**3 - 1/20*y**5 - 1/24*y**4 + 0*y + 1. What is c(w)?
-3
Suppose -4*z - 69 = 5*k, 211 = -13*z + 21*k - 24*k. Let r(n) = -94*n - 1500. Calculate r(z).
4
Let z(x) be the second derivative of 41*x + 1/2*x**2 + 1/12*x**4 + 0 + 1/10*x**5 + 1/6*x**3. What is z(-1)?
-1
Let o(y) be the third derivative of y**4/24 + 23*y**3/6 + 18*y**2. Let u be 23/(-46)*128/4. Calculate o(u).
7
Let d(r) = 5*r**3 + 8*r**2 + 12*r + 3. Suppose 0 = -k - 15 + 9. Let z(q) = 4*q**3 + 7*q**2 + 10*q + 3. Let a(f) = k*z(f) + 5*d(f). Determine a(3).
6
Suppose -6*o - 2 + 68 = 0. Suppose 7*d + 20 = o*d. Suppose -15 = -d*f - u - 4*u, 5*f - 2*u - 8 = 0. Let h(r) = 3*r. Determine h(f).
6
Let q(m) = 21*m**3 - 61*m**2 - 147*m - 36. Let b(n) = -4*n**3 + 12*n**2 + 28*n + 7. Let x(h) = 31*b(h) + 6*q(h). Give x(2).
13
Let a(p) be the third derivative of 0 - 5*p**3 + 1/24*p**4 - 1/40*p**5 - 14*p**2 + 0*p. Let v(u) be the first derivative of a(u). Determine v(1).
-2
Let i(p) be the first derivative of p**6/72 - p**5/120 + p**4/24 - 70*p**3/3 - 82. Let k(w) be the third derivative of i(w). Calculate k(1).
5
Let h(b) = -3*b + 1. Let w = -25 + 50. Let c = w + -21. Suppose -6*m + 2*m = c. Calculate h(m).
4
Let y(o) = 5*o**2 - 3*o + 2. Suppose -5*f + 14 = 3*n - f, -26 = -4*n + 2*f. Let m(d) = 9*d**2 - 6*d + 3. Let x(z) = n*m(z) - 11*y(z). Give x(-5).
-14
Let b(i) = 15*i + 144. Let s(l) = 18*l**2 - 7. Let z be s(0). Determine b(z).
39
Let v(h) be the second derivative of 11*h**3/6 - h**2/2 + 22*h. Let x be 3/2 + (-21)/(-14). Suppose 5*z + 17 = x*i, -5*z - 4*i + 8 = -3. Calculate v(z).
-12
Let f(a) = 5*a + 10. Let t(w) = 5*w**3 - 2*w**2 + w + 2. Let r be t(-1). Determine f(r).
-20
Let l(t) = 32*t + 13 - 17*t - 16*t. Let s be l(8). Let j(x) = -s + 22*x - 20*x + 3. Give j(-3).
-8
Let s(r) = -8*r**2 + 45*r - 47. Let c be s(1). Let d(k) = -k**2 - 13*k - 11. Give d(c).
19
Suppose 0 = -3*q - z - 18, -4*z - 12 = -3*q - 0. Let t(r) = 1 + 4 + 3*r**2 - 2*r + 0 + r**3. Determine t(q).
-3
Let h(w) = w**3 - 4*w**2 + w - 6. Suppose 5*u = -5*r - 5, 2*r + 0*u = 2*u - 22. Let i(q) = -q - 2. Let o be i(r). Determine h(o).
-2
Let d(x) be the first derivative of -4 + x - 1/2*x**2 + 2*x**3. Let v(i) = i**2 - 19*i - 19. Let m be v(20). What is d(m)?
6
Let o(t) = -t**2 + 10*t + 4. Let h be 90/(7 + -13) - -7. Let j be (h + 27/2)/(2/4). Determine o(j).
-7
Let k(x) = 57*x - 1707. Let m be k(30). Let v(t) = 4 - 5*t**2 + 5*t**2 - t**2 + 3*t + 3*t. Calculate v(m).
13
Let p(o) = 5 + 0 - o + 4. Let h = 16501 - 16490. Give p(h).
-2
Let u(g) = -g**2 + 8*g + 6. Let w = -3 - -8. Suppose -b - 31 = -3*y + 4*b, -5 = b. Suppose -n + y = -w. Calculate u(n).
13
Suppose 3*j = -4*r - 27, -16*r + 18 = -17*r + 3*j. Let y(m) = m + 8. What is y(r)?
-1
Let b(f) be the second derivative of f**4/12 - 5*f**2/2 + 4030*f + 17. Let d = -1 + -1. What is b(d)?
-1
Let d(g) be the second derivative of 2*g**3 + 19*g**2/2 + 10*g + 55. Determine d(-2).
-5
Let l(r) be the first derivative of -r**3 + 10*r**2 - 17*r + 546. Determine l(6).
-5
Let d(x) be the first derivative of x**4/4 + 17*x**3/3 + 15*x**2/2 - 18*x + 3024. Determine d(-16).
-2
Let a = 236 + -233. Suppose 0 = -3*i - 5*l + 9, 0 = a*i + 3*l + l - 9. Let k(d) = d - 7. Calculate k(i).
-4
Let t(o) = -2*o**3 - 34*o**2 + 5*o - 17. Let p(y) = -2*y**3 - 53*y**2 + 6*y - 18. Let z(g) = -2*p(g) + 3*t(g). Give z(2).
-9
Let a(s) = 4*s**2 + s. Let p(i) = -i. Let h(z) = a(z) + 2*p(z). Suppose -23*x - 4 = 180. Let c(o) = 2*o**3 + 14*o**2 - 14*o + 15. Let d be c(x). Give h(d).
5
Let o(m) = -1 - 290*m**2 + 150*m**2 + 141*m**2 - m. What is o(3)?
5
Let f(v) be the first derivative of -21*v**2/2 - 6*v + 48. Give f(-3).
57
Let n(y) = -y**3 + 12*y**2 + 10*y - 2. Let p(g) = -g**3 + 22*g**2 - 39*g - 7. Let w be p(20). Determine n(w).
-41
Let o(n) = -13*n**2 - 10 + 47*n**2 + 44*n**2 - 5*n - 4 - 77*n**2. Calculate o(7).
0
Let b(u) = 2*u**2 - 3*u - 26. Let r = 11947 + -11943. Calculate b(r).
-6
Let m(n) = n**3 + 12*n**2 - 12*n + 18. Suppose a = g + 10, -5*a - 5*g = -0*a - 30. Let q = -21 + a. Let b be m(q). Let h(x) = x**2 - 7*x + 7. Give h(b).
-3
Let m(h) = 2*h - 4. Let r be m(5). Suppose -15*n = 374 - 404. Let f(c) = r - 8 - n*c + 5 - 1. Calculate f(-2).
6
Let n(r) be the second derivative of -r**6/24 - r**5/60 - r**4/24 + r**3/6 + 75*r**2 - 6*r. Let s(h) be the first derivative of n(h). Determine s(1).
-6
Let d = -231 - -230. Let z(v) = 5*v - 8. Let f(b) = -4*b + 10. Let w(o) = 4*f(o) + 5*z(o). Calculate w(d).
-9
Let n(f) = f**2 + 4*f + 2. Suppose -4*j + 3*s - 5*s = -8, 0 = 5*j - 4*s + 16. Suppose 40*c + 79 + 1 = j. Give n(c).
-2
Let l(u) be the first derivative of -2*u**3/3 + 2*u**2 - 3*u + 351. Let r be ((-3)/1)/(6*(-2)/8). Determine l(r).
-3
Suppose 0 = 48*l + 94 - 334. Let s(m) be the second derivative of 0 - 3*m**2 + 2*m - 1/6*m**3. Determine s(l).
-11
Let q(t) be the first derivative of t**3/3 + 21*t**2/2 + 53*t - 11451. Give q(-4).
-15
Let z = 1202 - 540. Suppose -665*v + z*v - 27 = 0. Let b(s) = -2*s - 17. Calculate b(v).
1
Let u(b) be the second derivative of b**5/20 - b**4 + 4*b**3 - 15*b**2 + 24*b. What is u(10)?
10
Let o be -2*(329/(-14) + -1). Suppose 0 = 4*u + 5*s + o, -u - 2*s - 15 = 1. Let p(a) = -3*a - 8. Determine p(u).
10
Let k(s) = -3*s**2 + 65*s - 224. Let i = 13153 + -13149. Give k(i).
-12
Let z(n) = -9*n. Suppose 0*r = 4*f - 5*r + 66, -2*f + 2*r = 32. Let q be (-72)/(-180)*195/(-6). Let s = f - q. Determine z(s).
9
Let k(q) = -4 + 1 - 5 + 3. Let j(u) = -u + 24. Let y(x) = -j(x) - 4*k(x). Give y(-7).
-11
Let r(c) = c**3 - 12*c**2 + 13*c - 7. Let i(v) = v**3 + 4*v**2 - 19*v - 39. Let o be i(-6). Suppose 13*p - 140 - o = 0. Determine r(p).
15
Let b(x) be the second derivative of -4*x**3/3 - 3*x**2/2 + 587*x - 5. What is b(-1)?
5
Let f(z) = -10*z - 11*z + 28 - 113 + 8*z + 11*z. What is f(-38)?
-9
Let g(f) = 25. Let w(n) = 2*n + 37. Let b(a) = -4*g(a) + 3*w(a). Calculate b(-4).
-13
Let b(y) = -920 + 3*y + 473 + 458 + 2*y. Determine b(-6).
-19
Let g(a) = 2*a - 3. Let r be g(14). Let x = r - 32. Let m be (-10)/x + -2 - 31/7. Let u(w) = w**2 + 8*w + 7. Calculate u(m).
-8
Let j(g) be the second derivative of -2*g**3/3 + 21*g**2/2 - 1229*g. Determine j(5).
1
Let k(c) be the second derivative of c**4/4 + 19*c**3/6 - 21*c**2 + 1433*c. Determine k(2).
8
Let p(u) = -20*u + 74. Let n(o) = 44*o - 167. Let t(x) = 4*n(x) + 9*p(x). Let i(w) = w - 1. Let d be i(-3). What is t(d)?
14
Let r(k) be the second derivative of -k**4/12 + 3*k**3/2 - 29*k**2/2 + 112*k - 2. Determine r(8).
-21
Let a(f) = -f**2 - 8*f - 9. Let j be a(-7). Let d(m) = 3*m**2 + 2*m - 11. Let o(r) = r**2 - 5. Let w be 2/4*(8 - -2). Let s(p) = w*o(p) - 2*d(p). Give s(j).
1
Let y(a) = 3*a**2 - 6*a. Suppose -168*h + 17*h - 97*h + 496 = 0. Give y(h).
0
Let k(r) be the third derivative of -r**6/120 - r**5/20 + r**4/12 + 13*r**3/6 + 2372*r**2 + r - 1. Give k(-3).
7
Suppose -3*m - 10 = -4*u - 0*m, 2*u - 4*m = 10. Let j(l) be the first derivative of -l**4/2 - l**3/3 - 7063. Determine j(u).
-3
Suppose 0 = 52*o + 48*o + 271 - 1171. Let j(l) = 5*l**2 - 45*l + 5. Give j(o).
5
Let a(p) be the first derivative of -7*p**6/40 + 147*p**2 + 291. Let y(o) be the second derivative of a(o). Determine y(-1).
21
Let o(h) = 6*h**2 - 6*h + 8. Let s = 12984 + -12981. What is o(s)?
44
Suppose -2*q + 4*i + 89 + 53 = 0, -5*i + 235 = 3*q. Let s(j) = -46*j**2 + 1 + 120*j**2 - q*j**2 - 3*j. Let u be 4*1/(8/(-6)). Determine s(u).
1
Let i(y) = 3*y**2 - 40*y + 77. Let x be i(11). Let r(h) = -h + 24. Give r(x).
24
Suppose 11*c - 8*c - y = -2, 0 = -3*y + 15. Suppose 5*b + 18 = f, 0*f = 3*f - 4*b + c. Let k(i) = -3*i + 4. Give k(f).
25
Let i(z) = z + 4. Let a be -2 - (-7)/(42/(-24)). Let h = -8 - a. What is i(h)?
2
Let l(w) be the second derivative of 1/12*w**4 - 2*w**2 